{"id":1368,"date":"2025-08-14T17:24:10","date_gmt":"2025-08-14T14:24:10","guid":{"rendered":"https:\/\/levelgrup.com\/?page_id=1368"},"modified":"2025-08-16T16:11:02","modified_gmt":"2025-08-16T13:11:02","slug":"cerez-politikasi","status":"publish","type":"page","link":"https:\/\/levelgrup.com\/?page_id=1368","title":{"rendered":"\u00c7erez Politikas\u0131"},"content":{"rendered":"\t\t<div data-elementor-type=\"wp-page\" data-elementor-id=\"1368\" class=\"elementor elementor-1368\" data-elementor-post-type=\"page\">\n\t\t\t\t<div class=\"elementor-element elementor-element-4b657087 e-flex e-con-boxed e-con e-parent\" data-id=\"4b657087\" data-element_type=\"container\" data-e-type=\"container\" data-settings=\"{&quot;background_background&quot;:&quot;classic&quot;}\">\n\t\t\t\t\t<div class=\"e-con-inner\">\n\t\t\t\t<div class=\"elementor-element elementor-element-42598911 elementor-align-center elementor-widget elementor-widget-lottie\" data-id=\"42598911\" data-element_type=\"widget\" data-e-type=\"widget\" data-settings=\"{&quot;source_json&quot;:{&quot;url&quot;:&quot;https:\\\/\\\/levelgrup.com\\\/wp-content\\\/uploads\\\/2023\\\/10\\\/Animation-1697735942630.json&quot;,&quot;id&quot;:556,&quot;size&quot;:&quot;&quot;,&quot;alt&quot;:&quot;&quot;,&quot;source&quot;:&quot;library&quot;},&quot;loop&quot;:&quot;yes&quot;,&quot;source&quot;:&quot;media_file&quot;,&quot;caption_source&quot;:&quot;none&quot;,&quot;link_to&quot;:&quot;none&quot;,&quot;trigger&quot;:&quot;arriving_to_viewport&quot;,&quot;viewport&quot;:{&quot;unit&quot;:&quot;%&quot;,&quot;size&quot;:&quot;&quot;,&quot;sizes&quot;:{&quot;start&quot;:0,&quot;end&quot;:100}},&quot;play_speed&quot;:{&quot;unit&quot;:&quot;px&quot;,&quot;size&quot;:1,&quot;sizes&quot;:[]},&quot;start_point&quot;:{&quot;unit&quot;:&quot;%&quot;,&quot;size&quot;:&quot;0&quot;,&quot;sizes&quot;:[]},&quot;end_point&quot;:{&quot;unit&quot;:&quot;%&quot;,&quot;size&quot;:&quot;100&quot;,&quot;sizes&quot;:[]},&quot;renderer&quot;:&quot;svg&quot;}\" data-widget_type=\"lottie.default\">\n\t\t\t\t<div class=\"elementor-widget-container\">\n\t\t\t\t\t<div class=\"e-lottie__container\"><div class=\"e-lottie__animation\"><\/div><\/div>\t\t\t\t<\/div>\n\t\t\t\t<\/div>\n\t\t\t\t\t<\/div>\n\t\t\t\t<\/div>\n\t\t<div class=\"elementor-element elementor-element-412b1fd0 e-flex e-con-boxed e-con e-parent\" data-id=\"412b1fd0\" data-element_type=\"container\" data-e-type=\"container\">\n\t\t\t\t\t<div class=\"e-con-inner\">\n\t\t<div class=\"elementor-element elementor-element-72c1be8b e-con-full e-flex e-con e-child\" data-id=\"72c1be8b\" data-element_type=\"container\" data-e-type=\"container\" data-settings=\"{&quot;background_background&quot;:&quot;classic&quot;}\">\n\t\t\t\t<div class=\"elementor-element elementor-element-28d7c2ca elementor-widget elementor-widget-text-editor\" data-id=\"28d7c2ca\" data-element_type=\"widget\" data-e-type=\"widget\" data-widget_type=\"text-editor.default\">\n\t\t\t\t<div class=\"elementor-widget-container\">\n\t\t\t\t\t\t\t\t\t<h2 data-start=\"2511\" data-end=\"2545\"><strong data-start=\"2514\" data-end=\"2543\">\u00c7erez (Cookie) Politikas\u0131<\/strong><\/h2>\n<h3 data-start=\"2547\" data-end=\"2568\">1. \u00c7erez Nedir?<\/h3>\n<p data-start=\"2569\" data-end=\"2772\">\u00c7erezler, ziyaret etti\u011finiz web sitesi taraf\u0131ndan taray\u0131c\u0131n\u0131za kaydedilen k\u00fc\u00e7\u00fck metin dosyalar\u0131d\u0131r. Bu dosyalar sayesinde sitemiz tercihlerinizi hat\u0131rlayabilir ve kullan\u0131c\u0131 deneyiminizi geli\u015ftirebilir.<\/p><p data-start=\"2569\" data-end=\"2772\"><br><\/p>\n<hr data-start=\"2774\" data-end=\"2777\">\n<h3 data-start=\"2779\" data-end=\"2815\">2. Kulland\u0131\u011f\u0131m\u0131z \u00c7erez T\u00fcrleri<\/h3>\n<ul data-start=\"2816\" data-end=\"3128\">\n<li data-start=\"2816\" data-end=\"2876\">\n<p data-start=\"2818\" data-end=\"2876\"><strong data-start=\"2818\" data-end=\"2839\">Zorunlu \u00c7erezler:<\/strong>&nbsp;Sitenin \u00e7al\u0131\u015fmas\u0131 i\u00e7in gereklidir.<\/p>\n<\/li>\n<li data-start=\"2877\" data-end=\"2969\">\n<p data-start=\"2879\" data-end=\"2969\"><strong data-start=\"2879\" data-end=\"2904\">Performans \u00c7erezleri:<\/strong>&nbsp;Site kullan\u0131m\u0131n\u0131z\u0131 analiz eder, iyile\u015ftirmemize yard\u0131mc\u0131 olur.<\/p>\n<\/li>\n<li data-start=\"2970\" data-end=\"3040\">\n<p data-start=\"2972\" data-end=\"3040\"><strong data-start=\"2972\" data-end=\"2997\">Fonksiyonel \u00c7erezler:<\/strong>&nbsp;Tercihlerinizi (dil, tema vb.) hat\u0131rlar.<\/p>\n<\/li>\n<li data-start=\"3041\" data-end=\"3128\">\n<p data-start=\"3043\" data-end=\"3128\"><strong data-start=\"3043\" data-end=\"3074\">Reklam\/Hedefleme \u00c7erezleri:<\/strong>&nbsp;\u0130lgi alanlar\u0131n\u0131za uygun reklamlar sunmam\u0131z\u0131 sa\u011flar.<br><br><\/p><\/li>\n<\/ul>\n<hr data-start=\"3130\" data-end=\"3133\">\n<h3 data-start=\"3135\" data-end=\"3161\">3. \u00c7erezleri Y\u00f6netme<\/h3>\n<p data-start=\"3162\" data-end=\"3293\">Taray\u0131c\u0131 ayarlar\u0131n\u0131zdan \u00e7erezleri engelleyebilir veya silebilirsiniz. Ancak bu durumda sitemizin baz\u0131 \u00f6zellikleri \u00e7al\u0131\u015fmayabilir.<br><br><\/p>\n<hr data-start=\"3295\" data-end=\"3298\">\n<h3 data-start=\"3300\" data-end=\"3330\">4. \u00dc\u00e7\u00fcnc\u00fc Taraf \u00c7erezler<\/h3>\n<p data-start=\"3331\" data-end=\"3485\">Sitemiz, Google Analytics gibi \u00fc\u00e7\u00fcnc\u00fc taraf hizmet sa\u011flay\u0131c\u0131lar\u0131n\u0131n \u00e7erezlerini kullanabilir. Bu \u00e7erezler, ilgili sa\u011flay\u0131c\u0131lar\u0131n politikalar\u0131na tabidir.<br><br><\/p>\n<hr data-start=\"3487\" data-end=\"3490\">\n<h3 data-start=\"3492\" data-end=\"3514\">5. G\u00fcncellemeler<\/h3>\n<p data-start=\"3515\" data-end=\"3636\">Bu politika zaman zaman g\u00fcncellenebilir. G\u00fcncellenmi\u015f versiyon, web sitemizde yay\u0131nland\u0131\u011f\u0131 andan itibaren ge\u00e7erli olur.<br><br><\/p>\t\t\t\t\t\t\t\t<\/div>\n\t\t\t\t<\/div>\n\t\t\t\t<\/div>\n\t\t\t\t\t<\/div>\n\t\t\t\t<\/div>\n\t\t\t\t<\/div>\n\t\t","protected":false},"excerpt":{"rendered":"<p>\u00c7erez (Cookie) Politikas\u0131 1. \u00c7erez Nedir? \u00c7erezler, ziyaret etti\u011finiz web sitesi taraf\u0131ndan taray\u0131c\u0131n\u0131za kaydedilen k\u00fc\u00e7\u00fck metin dosyalar\u0131d\u0131r. Bu dosyalar sayesinde sitemiz tercihlerinizi hat\u0131rlayabilir ve kullan\u0131c\u0131 deneyiminizi geli\u015ftirebilir. 2. Kulland\u0131\u011f\u0131m\u0131z \u00c7erez T\u00fcrleri Zorunlu \u00c7erezler:&nbsp;Sitenin \u00e7al\u0131\u015fmas\u0131 i\u00e7in gereklidir. Performans \u00c7erezleri:&nbsp;Site kullan\u0131m\u0131n\u0131z\u0131 analiz eder, iyile\u015ftirmemize yard\u0131mc\u0131 olur. Fonksiyonel \u00c7erezler:&nbsp;Tercihlerinizi (dil, tema vb.) hat\u0131rlar. Reklam\/Hedefleme \u00c7erezleri:&nbsp;\u0130lgi alanlar\u0131n\u0131za uygun reklamlar [&hellip;]<\/p>\n","protected":false},"author":1,"featured_media":0,"parent":0,"menu_order":0,"comment_status":"closed","ping_status":"closed","template":"","meta":{"footnotes":""},"class_list":["post-1368","page","type-page","status-publish","hentry"],"yoast_head":"<!-- This site is optimized with the Yoast SEO plugin v26.3 - https:\/\/yoast.com\/wordpress\/plugins\/seo\/ -->\n<title>\u00c7erez Politikas\u0131 - Level Grup<\/title>\n<meta name=\"robots\" content=\"index, follow, max-snippet:-1, max-image-preview:large, max-video-preview:-1\" \/>\n<link rel=\"canonical\" href=\"https:\/\/levelgrup.com\/?page_id=1368\" \/>\n<meta property=\"og:locale\" content=\"tr_TR\" \/>\n<meta property=\"og:type\" content=\"article\" \/>\n<meta property=\"og:title\" content=\"\u00c7erez Politikas\u0131 - Level Grup\" \/>\n<meta property=\"og:description\" content=\"\u00c7erez (Cookie) Politikas\u0131 1. \u00c7erez Nedir? \u00c7erezler, ziyaret etti\u011finiz web sitesi taraf\u0131ndan taray\u0131c\u0131n\u0131za kaydedilen k\u00fc\u00e7\u00fck metin dosyalar\u0131d\u0131r. Bu dosyalar sayesinde sitemiz tercihlerinizi hat\u0131rlayabilir ve kullan\u0131c\u0131 deneyiminizi geli\u015ftirebilir. 2. Kulland\u0131\u011f\u0131m\u0131z \u00c7erez T\u00fcrleri Zorunlu \u00c7erezler:&nbsp;Sitenin \u00e7al\u0131\u015fmas\u0131 i\u00e7in gereklidir. Performans \u00c7erezleri:&nbsp;Site kullan\u0131m\u0131n\u0131z\u0131 analiz eder, iyile\u015ftirmemize yard\u0131mc\u0131 olur. Fonksiyonel \u00c7erezler:&nbsp;Tercihlerinizi (dil, tema vb.) hat\u0131rlar. Reklam\/Hedefleme \u00c7erezleri:&nbsp;\u0130lgi alanlar\u0131n\u0131za uygun reklamlar [&hellip;]\" \/>\n<meta property=\"og:url\" content=\"https:\/\/levelgrup.com\/?page_id=1368\" \/>\n<meta property=\"og:site_name\" content=\"Level Grup\" \/>\n<meta property=\"article:modified_time\" content=\"2025-08-16T13:11:02+00:00\" \/>\n<meta name=\"twitter:card\" content=\"summary_large_image\" \/>\n<meta name=\"twitter:label1\" content=\"Tahmini okuma s\u00fcresi\" \/>\n\t<meta name=\"twitter:data1\" content=\"1 dakika\" \/>\n<script type=\"application\/ld+json\" class=\"yoast-schema-graph\">{\"@context\":\"https:\/\/schema.org\",\"@graph\":[{\"@type\":\"WebPage\",\"@id\":\"https:\/\/levelgrup.com\/?page_id=1368\",\"url\":\"https:\/\/levelgrup.com\/?page_id=1368\",\"name\":\"\u00c7erez Politikas\u0131 - Level Grup\",\"isPartOf\":{\"@id\":\"https:\/\/levelgrup.com\/#website\"},\"datePublished\":\"2025-08-14T14:24:10+00:00\",\"dateModified\":\"2025-08-16T13:11:02+00:00\",\"breadcrumb\":{\"@id\":\"https:\/\/levelgrup.com\/?page_id=1368#breadcrumb\"},\"inLanguage\":\"tr\",\"potentialAction\":[{\"@type\":\"ReadAction\",\"target\":[\"https:\/\/levelgrup.com\/?page_id=1368\"]}]},{\"@type\":\"BreadcrumbList\",\"@id\":\"https:\/\/levelgrup.com\/?page_id=1368#breadcrumb\",\"itemListElement\":[{\"@type\":\"ListItem\",\"position\":1,\"name\":\"Anasayfa\",\"item\":\"https:\/\/levelgrup.com\/\"},{\"@type\":\"ListItem\",\"position\":2,\"name\":\"\u00c7erez Politikas\u0131\"}]},{\"@type\":\"WebSite\",\"@id\":\"https:\/\/levelgrup.com\/#website\",\"url\":\"https:\/\/levelgrup.com\/\",\"name\":\"Level Grup\",\"description\":\"Level Grup\",\"publisher\":{\"@id\":\"https:\/\/levelgrup.com\/#organization\"},\"potentialAction\":[{\"@type\":\"SearchAction\",\"target\":{\"@type\":\"EntryPoint\",\"urlTemplate\":\"https:\/\/levelgrup.com\/?s={search_term_string}\"},\"query-input\":{\"@type\":\"PropertyValueSpecification\",\"valueRequired\":true,\"valueName\":\"search_term_string\"}}],\"inLanguage\":\"tr\"},{\"@type\":\"Organization\",\"@id\":\"https:\/\/levelgrup.com\/#organization\",\"name\":\"Level Grup\",\"url\":\"https:\/\/levelgrup.com\/\",\"logo\":{\"@type\":\"ImageObject\",\"inLanguage\":\"tr\",\"@id\":\"https:\/\/levelgrup.com\/#\/schema\/logo\/image\/\",\"url\":\"https:\/\/levelgrup.com\/wp-content\/uploads\/2023\/10\/bismillah.png\",\"contentUrl\":\"https:\/\/levelgrup.com\/wp-content\/uploads\/2023\/10\/bismillah.png\",\"width\":1024,\"height\":189,\"caption\":\"Level Grup\"},\"image\":{\"@id\":\"https:\/\/levelgrup.com\/#\/schema\/logo\/image\/\"}}]}<\/script>\n<!-- \/ Yoast SEO plugin. -->","yoast_head_json":{"title":"\u00c7erez Politikas\u0131 - Level Grup","robots":{"index":"index","follow":"follow","max-snippet":"max-snippet:-1","max-image-preview":"max-image-preview:large","max-video-preview":"max-video-preview:-1"},"canonical":"https:\/\/levelgrup.com\/?page_id=1368","og_locale":"tr_TR","og_type":"article","og_title":"\u00c7erez Politikas\u0131 - Level Grup","og_description":"\u00c7erez (Cookie) Politikas\u0131 1. \u00c7erez Nedir? \u00c7erezler, ziyaret etti\u011finiz web sitesi taraf\u0131ndan taray\u0131c\u0131n\u0131za kaydedilen k\u00fc\u00e7\u00fck metin dosyalar\u0131d\u0131r. Bu dosyalar sayesinde sitemiz tercihlerinizi hat\u0131rlayabilir ve kullan\u0131c\u0131 deneyiminizi geli\u015ftirebilir. 2. Kulland\u0131\u011f\u0131m\u0131z \u00c7erez T\u00fcrleri Zorunlu \u00c7erezler:&nbsp;Sitenin \u00e7al\u0131\u015fmas\u0131 i\u00e7in gereklidir. Performans \u00c7erezleri:&nbsp;Site kullan\u0131m\u0131n\u0131z\u0131 analiz eder, iyile\u015ftirmemize yard\u0131mc\u0131 olur. Fonksiyonel \u00c7erezler:&nbsp;Tercihlerinizi (dil, tema vb.) hat\u0131rlar. Reklam\/Hedefleme \u00c7erezleri:&nbsp;\u0130lgi alanlar\u0131n\u0131za uygun reklamlar [&hellip;]","og_url":"https:\/\/levelgrup.com\/?page_id=1368","og_site_name":"Level Grup","article_modified_time":"2025-08-16T13:11:02+00:00","twitter_card":"summary_large_image","twitter_misc":{"Tahmini okuma s\u00fcresi":"1 dakika"},"schema":{"@context":"https:\/\/schema.org","@graph":[{"@type":"WebPage","@id":"https:\/\/levelgrup.com\/?page_id=1368","url":"https:\/\/levelgrup.com\/?page_id=1368","name":"\u00c7erez Politikas\u0131 - Level Grup","isPartOf":{"@id":"https:\/\/levelgrup.com\/#website"},"datePublished":"2025-08-14T14:24:10+00:00","dateModified":"2025-08-16T13:11:02+00:00","breadcrumb":{"@id":"https:\/\/levelgrup.com\/?page_id=1368#breadcrumb"},"inLanguage":"tr","potentialAction":[{"@type":"ReadAction","target":["https:\/\/levelgrup.com\/?page_id=1368"]}]},{"@type":"BreadcrumbList","@id":"https:\/\/levelgrup.com\/?page_id=1368#breadcrumb","itemListElement":[{"@type":"ListItem","position":1,"name":"Anasayfa","item":"https:\/\/levelgrup.com\/"},{"@type":"ListItem","position":2,"name":"\u00c7erez Politikas\u0131"}]},{"@type":"WebSite","@id":"https:\/\/levelgrup.com\/#website","url":"https:\/\/levelgrup.com\/","name":"Level Grup","description":"Level Grup","publisher":{"@id":"https:\/\/levelgrup.com\/#organization"},"potentialAction":[{"@type":"SearchAction","target":{"@type":"EntryPoint","urlTemplate":"https:\/\/levelgrup.com\/?s={search_term_string}"},"query-input":{"@type":"PropertyValueSpecification","valueRequired":true,"valueName":"search_term_string"}}],"inLanguage":"tr"},{"@type":"Organization","@id":"https:\/\/levelgrup.com\/#organization","name":"Level Grup","url":"https:\/\/levelgrup.com\/","logo":{"@type":"ImageObject","inLanguage":"tr","@id":"https:\/\/levelgrup.com\/#\/schema\/logo\/image\/","url":"https:\/\/levelgrup.com\/wp-content\/uploads\/2023\/10\/bismillah.png","contentUrl":"https:\/\/levelgrup.com\/wp-content\/uploads\/2023\/10\/bismillah.png","width":1024,"height":189,"caption":"Level Grup"},"image":{"@id":"https:\/\/levelgrup.com\/#\/schema\/logo\/image\/"}}]}},"_links":{"self":[{"href":"https:\/\/levelgrup.com\/index.php?rest_route=\/wp\/v2\/pages\/1368","targetHints":{"allow":["GET"]}}],"collection":[{"href":"https:\/\/levelgrup.com\/index.php?rest_route=\/wp\/v2\/pages"}],"about":[{"href":"https:\/\/levelgrup.com\/index.php?rest_route=\/wp\/v2\/types\/page"}],"author":[{"embeddable":true,"href":"https:\/\/levelgrup.com\/index.php?rest_route=\/wp\/v2\/users\/1"}],"replies":[{"embeddable":true,"href":"https:\/\/levelgrup.com\/index.php?rest_route=%2Fwp%2Fv2%2Fcomments&post=1368"}],"version-history":[{"count":13,"href":"https:\/\/levelgrup.com\/index.php?rest_route=\/wp\/v2\/pages\/1368\/revisions"}],"predecessor-version":[{"id":1608,"href":"https:\/\/levelgrup.com\/index.php?rest_route=\/wp\/v2\/pages\/1368\/revisions\/1608"}],"wp:attachment":[{"href":"https:\/\/levelgrup.com\/index.php?rest_route=%2Fwp%2Fv2%2Fmedia&parent=1368"}],"curies":[{"name":"wp","href":"https:\/\/api.w.org\/{rel}","templated":true}]}}